s the units digit of j?
5
Let d(g) = 3*g**2 + 9*g - 1. Let i(j) = -j**2 - 5*j. Let b(c) = -2*d(c) - 5*i(c). What is the units digit of b(6)?
8
Suppose -3*t + 5*t = 0. Suppose 2*f + 3*f + 15 = 0, t = -3*b + 3*f + 33. What is the units digit of b?
8
Suppose o - 2*o = 0. What is the tens digit of 0 + o + (-38)/(-2)?
1
Suppose -3*w + 5*w = 10. Suppose 0 = -4*n, f - w*n - 13 = -2*n. What is the tens digit of f?
1
Suppose 5*o = 14 - 4. Suppose 0 = 2*d + 2*i - 10, o*i - 13 = -5*d + i. Let g = 6 - d. What is the units digit of g?
4
Let v = 3 + 1. Suppose v*o - 24 = -5*a, a + 4*o = -0*o + 8. What is the units digit of a?
4
Let r(z) = -z**3 + 7*z**2 + 2*z - 5. What is the units digit of r(6)?
3
Let h(t) = t**3 - 11*t**2 + 6*t + 1. What is the units digit of h(11)?
7
Suppose 4*t - 74 = -2*m, 0 = 2*m + 2. What is the units digit of t?
9
Suppose 2*d - 4*o + 3 = 1, 0 = 5*d + 3*o - 47. Let v = 11 - d. Suppose -v*g = -0*g - 12. What is the units digit of g?
3
What is the units digit of 3/9 - (-12)/18?
1
Let q be 40 - (-1)/((-2)/(-6)). Suppose 0*t + 4*t = -x + q, 5*t + 2*x = 56. What is the tens digit of t?
1
Suppose 12*l = 15*l - 36. Let k = l + 1. What is the tens digit of k?
1
Suppose 5*d - 66 = 4. What is the units digit of d?
4
Let d = 23 - 11. Suppose i + i = d. What is the units digit of i?
6
Let b = -2 + 5. What is the tens digit of (-4)/(-6)*(36 + b)?
2
Let t be (2 + -4)/(6/3). What is the units digit of (-6)/t*4/3?
8
Suppose -52*h + 47*h + 320 = 0. What is the units digit of h?
4
Let g(c) = c + 10. Suppose -3*i + 12 = -6*i, -3*q + 8 = -2*i. What is the units digit of g(q)?
0
Let o(i) = i**3 + 12*i**2 + 14*i - 1. What is the units digit of o(-10)?
9
Suppose -5*i + 57 + 68 = 0. What is the tens digit of i?
2
Suppose 4*q - 126 = q. What is the tens digit of q?
4
Let c be (-2)/(-8) - (-35)/20. Suppose -60 = -5*o + s, -4*o + 7*s = c*s - 27. What is the units digit of o?
3
What is the units digit of 6 + 0 - (-2 - -1)?
7
Let u = 29 - 41. Let f(v) = -v**2 - 15*v - 6. Let r be f(u). Suppose 0 = -5*j - 3*a + 5 + r, 0 = 3*a - 15. What is the units digit of j?
4
Let h(n) = 0*n + 5*n - 3*n. Let o be h(2). Suppose -6*x = -2*x + 3*q - 28, 4 = 2*x + o*q. What is the units digit of x?
0
Suppose -4*u = 4*a - 20, -2*u - 14 = -0*u - 4*a. Let l be -1*u*66/2. What is the tens digit of 2/6*(0 - l)?
1
Let b(d) = -92*d. What is the tens digit of b(-1)?
9
Suppose -4*g = -2*z + 174, 87 = 3*z - 2*z - 5*g. What is the units digit of z?
7
Let c(f) = -f**3 + 2*f**2 + 3*f - 1. Let t be c(3). What is the tens digit of 3*t/((-2)/14)?
2
Let v = -57 + 33. What is the units digit of (v/20)/1*-30?
6
Suppose -4*w + 2*w + 200 = 2*q, 5*q + w - 508 = 0. What is the hundreds digit of q?
1
Let l be 1 + (1 - 1) + 14. Suppose -5*y = -k - l, 4*y = -y + 5*k - 5. Suppose -y*r + r = -24. What is the units digit of r?
8
Let y = 61 - 52. Suppose 0 = 5*r + 6 + 4. What is the tens digit of 6/y*r*-12?
1
Let s(k) = -18 - 6*k + 12 - k + 2*k**2. What is the tens digit of s(7)?
4
Suppose -2*n = -5*n + 12. Let t(y) = -y**3 + 2*y**2 + 4. Let r be t(n). Let x = r + 41. What is the tens digit of x?
1
Let a = -18 + 46. Let s = -18 + a. What is the tens digit of s?
1
Let d = -21 - -25. What is the units digit of -1 + (-72)/(d - 6)?
5
Suppose -2*o + 3*g + 21 = 0, 2*o - 2 = -4*g + 40. Suppose 4*i + i - o = 0. What is the units digit of i?
3
What is the tens digit of (-36)/24*(-316)/6?
7
Suppose -6*a - 52 = -10*a. What is the units digit of a?
3
Suppose -3*q + 278 = 116. What is the units digit of q?
4
What is the units digit of 1/(2/(-6))*(-15 - 1)?
8
Let q(g) be the third derivative of -g**6/120 + g**5/10 + 7*g**4/24 + 7*g**3/6 - 4*g**2. What is the units digit of q(7)?
7
Suppose a = o + 67, -6*a + 83 = -5*a + 3*o. What is the tens digit of (-5)/(-20) + a/4?
1
Let c(y) = 8*y + 1. What is the units digit of c(1)?
9
Suppose 4*v + 4*t - 158 + 14 = 0, 5*v - 3*t = 148. What is the units digit of v?
2
Let y = 4 + -3. What is the units digit of y?
1
Let s = 18 + 4. What is the tens digit of s?
2
Let o = 14 + -8. Let y = o + 1. What is the units digit of y?
7
Suppose 0 = -7*p + 2*p + 100. Let l = p - 12. What is the units digit of l?
8
Suppose 2*k = 2*x - 6, 4*x + k - 3 - 19 = 0. Suppose -7*z + 2*z - 2*f = -10, -5*f + 10 = x*z. What is the units digit of (3 + -2 - -9)/z?
5
Let i(z) = z**2 + z - 3. Let j be 2/(24/(-9))*-4. What is the units digit of i(j)?
9
Suppose 0 = 2*r + 6 + 18. Let q(z) = 2*z + 9 - 10 - 3*z. What is the tens digit of q(r)?
1
Let h(n) = -n + 17. What is the tens digit of h(-6)?
2
Suppose -5*n - m = -2*m - 2, 3*n + 4*m + 8 = 0. Suppose 3*a - 5*v + 31 = n, 4*a + 8*v = 3*v + 17. What is the units digit of (-5)/a*(-42)/(-15)?
7
Suppose 2*u + 22 = u. Let n be -1 - (u - (-4 + 2)). Let q = n + -12. What is the units digit of q?
7
Suppose -3*u - 74 = -314. Suppose 0 = -0*j - 4*j + u. What is the tens digit of j?
2
Let b = 4 + 0. Suppose s + b - 8 = 0. Suppose -s*g - 4*v + 8 = 0, -8*g + 10 = -3*g - 2*v. What is the units digit of g?
2
Suppose -580 = -2*z + 256. Let j be 6/27 - z/18. Let r = j - -39. What is the tens digit of r?
1
Let c(p) = -5*p**2 - 10*p - 1. Let j(n) = -14*n**2 - 29*n - 2. Let r(v) = 11*c(v) - 4*j(v). Let a be r(-5). Let s = 1 - a. What is the units digit of s?
9
Let c(y) = -y**2 - 7*y - 1. Let t be c(-5). Suppose -t = -2*o - o. What is the units digit of o?
3
Suppose 3*a = -2*y - 126, 2*a + 2*y + 86 = -0*y. Let s = a - -63. What is the tens digit of s?
2
Let q be (-2)/(-7) - (-162)/21. Suppose a = -3*a + q. Suppose -2*w + 7 = -h, -a*w = -5*h - 0*w - 3. What is the units digit of h?
1
Let o(y) = -22*y - 46. What is the tens digit of o(-5)?
6
Suppose -1174 = -6*b - 364. What is the units digit of b/18 + 6/4?
9
Let j(u) = -4*u**3 + 10 - 2 - 9*u**2 - u + 3*u**3. Let d be j(-9). Suppose 2*y - p - 9 = 0, -3*y + 7*y = p + d. What is the units digit of y?
4
Suppose 0 = 14*u - 10*u - 68. What is the units digit of u?
7
Let k(f) = 5*f**2 - 22*f - 32. What is the hundreds digit of k(-7)?
3
Let u = -106 + 161. What is the tens digit of u?
5
Let f = -1 - -3. Let j(c) = c**3 + 9*c**f - 7 - 2 + 3 + 6*c. What is the tens digit of j(-8)?
1
Suppose -50 + 122 = 2*b. Let a = -25 + b. What is the tens digit of a?
1
Suppose 0 = p - 3*p + 4. Suppose 0 = -s - p*z + 3, 4*s + 4*z = s + 9. What is the units digit of s/6 - (-15)/2?
8
Let j(b) = -7*b + 0 + 6 - 1. Let p be j(5). Let o = -21 - p. What is the units digit of o?
9
Let z(w) be the first derivative of -w**3/3 - w**2 - w + 1. Let r be z(-4). What is the units digit of (-3 - r)*(-8)/(-6)?
8
Suppose -1 + 5 = -2*k. Let d(p) = 0*p**2 - 12*p + p**2 + 10*p - 2. What is the units digit of d(k)?
6
Let y = 4 - 2. Suppose 0 = y*a + 2*a. Suppose -35 = -a*m - 5*m. What is the units digit of m?
7
Let c(r) = 3*r**2 - 17*r + 20. What is the units digit of c(7)?
8
Let k = -180 - -469. What is the tens digit of k?
8
Suppose 2*w + 10 = 2. What is the tens digit of (-78)/(-5) + w/(-10)?
1
Let i(c) = -10*c + 2. What is the units digit of i(-5)?
2
Let s = 8 + -6. Suppose -2*p + 24 = o, 5*o - 34 = 2*p + 38. Suppose s*g - o = -2*g. What is the units digit of g?
4
Let t be (-2)/8 - 26/(-8). Let x(c) = c**3 - c**2 + 4. Let h be x(0). Suppose -p + t*j = -2*j - 14, h*p + 4*j - 80 = 0. What is the units digit of p?
9
Let b(h) = h**3 - 3*h**2 - 3*h. Let y be b(4). Suppose x - 51 = -3*j + 2*j, y*j - x - 199 = 0. Suppose 0 = -3*c - 2*c + j. What is the tens digit of c?
1
Suppose 0 = 5*b - 7 - 203. What is the units digit of b?
2
Suppose 12 = -3*a + 6*a, r - 15 = 3*a. What is the units digit of (1 + -2)/((-3)/r)?
9
Let n be 4/(48/21)*32. Let r = 103 - n. Suppose 0 = -5*p + r - 17. What is the units digit of p?
6
Let j(k) = k**2 + 7*k - 8. Let s be j(-9). Let v(o) = s + 2*o - 3 - 3*o. What is the units digit of v(0)?
7
Let m(g) = 3*g + 1. What is the units digit of m(2)?
7
Let d(c) = -11*c**3 + 4*c + 2. What is the tens digit of d(-2)?
8
Let x(i) = 7*i + 9. What is the tens digit of x(7)?
5
Suppose 4*t + 19 = 5*g, 0*g + 13 = 3*g - 2*t. Suppose -g = -3*i + 17. What is the units digit of i?
8
Let k = -50 - -48. Let h(u) = -4 - u**3 + 2*u + 4 + 2 + u**2. What is the units digit of h(k)?
0
Let l = 84 + -80. Suppose c - 4*y + 14 = 0, 5*y = 5*c + 3*y - 2. Suppose -c*x + l = -0. What is the units